{"id":701,"date":"2020-04-27T15:32:38","date_gmt":"2020-04-27T18:32:38","guid":{"rendered":"https:\/\/eventos.lacigf.org\/?page_id=701"},"modified":"2021-10-16T14:47:43","modified_gmt":"2021-10-16T17:47:43","slug":"proposta-de-primeira-consulta-para-revisao-do-lacigf","status":"publish","type":"page","link":"https:\/\/eventos.lacigf.org\/pt-br\/proposta-de-primeira-consulta-para-revisao-do-lacigf\/","title":{"rendered":"Consulte a comunidade para revis\u00e3o do LACIGF"},"content":{"rendered":"\t\t<div data-elementor-type=\"wp-page\" data-elementor-id=\"701\" class=\"elementor elementor-701\">\n\t\t\t\t\t\t\t\t\t<section class=\"elementor-section elementor-top-section elementor-element elementor-element-54c32af9 elementor-section-boxed elementor-section-height-default elementor-section-height-default\" data-id=\"54c32af9\" data-element_type=\"section\">\n\t\t\t\t\t\t<div class=\"elementor-container elementor-column-gap-default\">\n\t\t\t\t\t<div class=\"elementor-column elementor-col-100 elementor-top-column elementor-element elementor-element-49f4e787\" data-id=\"49f4e787\" data-element_type=\"column\">\n\t\t\t<div class=\"elementor-widget-wrap elementor-element-populated\">\n\t\t\t\t\t\t\t\t<div class=\"elementor-element elementor-element-46c109b9 elementor-widget elementor-widget-text-editor\" data-id=\"46c109b9\" data-element_type=\"widget\" data-widget_type=\"text-editor.default\">\n\t\t\t\t<div class=\"elementor-widget-container\">\n\t\t\t<style>\/*! elementor - v3.16.0 - 09-10-2023 *\/\n.elementor-widget-text-editor.elementor-drop-cap-view-stacked .elementor-drop-cap{background-color:#69727d;color:#fff}.elementor-widget-text-editor.elementor-drop-cap-view-framed .elementor-drop-cap{color:#69727d;border:3px solid;background-color:transparent}.elementor-widget-text-editor:not(.elementor-drop-cap-view-default) .elementor-drop-cap{margin-top:8px}.elementor-widget-text-editor:not(.elementor-drop-cap-view-default) .elementor-drop-cap-letter{width:1em;height:1em}.elementor-widget-text-editor .elementor-drop-cap{float:left;text-align:center;line-height:1;font-size:50px}.elementor-widget-text-editor .elementor-drop-cap-letter{display:inline-block}<\/style>\t\t\t\t<!-- wp:paragraph -->\n<p>Em 2019, foi realizado um processo de revis\u00e3o para promover uma reforma do LACIGF como o espa\u00e7o de di\u00e1logo fundamental da regi\u00e3o orientado a discutir os princ\u00edpios relativos \u00e0s pol\u00edticas p\u00fablicas da Internet. Alguns desses avan\u00e7os foram apresentados no LACIGF em La Paz, bem como no <em>LAC Space<\/em> do IGF em Berlim.<\/p>\n<!-- \/wp:paragraph --><!-- wp:paragraph -->\n<p>Os principais materiais de refer\u00eancia relacionados a esse processo s\u00e3o encontrados aqui:<\/p>\n<!-- \/wp:paragraph --><!-- wp:list -->\n<ul>\n<li><a href=\"https:\/\/eventos.lacigf.org\/pt-br\/revision-del-lacigf\/\">Revis\u00e3o do F\u00f3rum de Governan\u00e7a da Internet da Am\u00e9rica Latina e o Caribe<\/a>,<\/li>\n<li><a href=\"httpss:\/\/www.youtube.com\/watch?v=NEixgkGamV8&amp;feature=youtu.be\">Debate no LACIGF 11 em La Paz<\/a> (a partir do min. 47)<\/li>\n<li>Proposta apresentada pelos membros do <a href=\"httpss:\/\/drive.google.com\/file\/d\/1TRFmWMSj2ggtpAGmkY_FF1wNil2BVCFx\/view?usp=sharing\">Comit\u00ea de Programa no IGF em Berlim<\/a><\/li>\n<\/ul>\n<!-- \/wp:list --><!-- wp:paragraph -->\n<p>Nesse contexto, o Comit\u00ea de Programa do LACIGF encomendou a realiza\u00e7\u00e3o de uma consulta p\u00fablica com a comunidade para conhecer melhor suas percep\u00e7\u00f5es sobre a proposta de reforma.<\/p>\n<!-- \/wp:paragraph --><!-- wp:paragraph -->\n<p>Para isso, foram realizadas uma nova pesquisa e uma chamada aberta na qual foi discutida uma s\u00e9rie de propostas a serem implementadas no LACIGF, com o objetivo de aumentar o impacto deste F\u00f3rum.<\/p>\n<!-- \/wp:paragraph --><!-- wp:heading {\"level\":3} -->\n<h3>Chamada aberta Implementa\u00e7\u00e3o de Melhorias de LACIGF<\/h3>\n<!-- \/wp:heading --><!-- wp:paragraph -->\n<p><em>24 de junho de 2020<\/em><\/p>\n<!-- \/wp:paragraph --><!-- wp:paragraph -->\n<p><iframe loading=\"lazy\" src=\"httpss:\/\/www.youtube-nocookie.com\/embed\/DOzeZuy5ToA\" width=\"680\" height=\"360\" frameborder=\"0\" allowfullscreen=\"allowfullscreen\"><\/iframe><\/p>\n<!-- \/wp:paragraph --><!-- wp:paragraph -->\n<p>Com base no feedback recebido nessas chamadas, as novas propostas ser\u00e3o apresentadas ao Comit\u00ea de Programa para que considere sua ado\u00e7\u00e3o imediata como \u00faltima etapa do processo.<\/p>\n<p>\u00a0<\/p>\n<p>\u00a0<\/p>\n<!-- \/wp:paragraph -->\t\t\t\t\t\t<\/div>\n\t\t\t\t<\/div>\n\t\t\t\t\t<\/div>\n\t\t<\/div>\n\t\t\t\t\t\t\t<\/div>\n\t\t<\/section>\n\t\t\t\t\t\t\t<\/div>\n\t\t","protected":false},"excerpt":{"rendered":"<p>Consulte a comunidade para revis\u00e3o do LACIGF Consulte a comunidade para revis\u00e3o do LACIGF Em 2019, foi realizado um processo de revis\u00e3o para promover uma reforma do LACIGF como o espa\u00e7o de di\u00e1logo fundamental da regi\u00e3o orientado a discutir os princ\u00edpios relativos \u00e0s pol\u00edticas p\u00fablicas da Internet. Alguns desses avan\u00e7os foram apresentados no LACIGF em [&hellip;]<\/p>\n","protected":false},"author":1,"featured_media":0,"parent":0,"menu_order":0,"comment_status":"closed","ping_status":"closed","template":"","meta":{"footnotes":""},"_links":{"self":[{"href":"https:\/\/eventos.lacigf.org\/pt-br\/wp-json\/wp\/v2\/pages\/701"}],"collection":[{"href":"https:\/\/eventos.lacigf.org\/pt-br\/wp-json\/wp\/v2\/pages"}],"about":[{"href":"https:\/\/eventos.lacigf.org\/pt-br\/wp-json\/wp\/v2\/types\/page"}],"author":[{"embeddable":true,"href":"https:\/\/eventos.lacigf.org\/pt-br\/wp-json\/wp\/v2\/users\/1"}],"replies":[{"embeddable":true,"href":"https:\/\/eventos.lacigf.org\/pt-br\/wp-json\/wp\/v2\/comments?post=701"}],"version-history":[{"count":12,"href":"https:\/\/eventos.lacigf.org\/pt-br\/wp-json\/wp\/v2\/pages\/701\/revisions"}],"predecessor-version":[{"id":1443,"href":"https:\/\/eventos.lacigf.org\/pt-br\/wp-json\/wp\/v2\/pages\/701\/revisions\/1443"}],"wp:attachment":[{"href":"https:\/\/eventos.lacigf.org\/pt-br\/wp-json\/wp\/v2\/media?parent=701"}],"curies":[{"name":"wp","href":"https:\/\/api.w.org\/{rel}","templated":true}]}}

Consulte a comunidade para revisão do LACIGF

<div data-elementor-type="wp-page" data-elementor-id="701" class="elementor elementor-701">
									<section class="elementor-section elementor-top-section elementor-element elementor-element-54c32af9 elementor-section-boxed elementor-section-height-default elementor-section-height-default" data-id="54c32af9" data-element_type="section">
						<div class="elementor-container elementor-column-gap-default">
					<div class="elementor-column elementor-col-100 elementor-top-column elementor-element elementor-element-49f4e787" data-id="49f4e787" data-element_type="column">
			<div class="elementor-widget-wrap elementor-element-populated">
								<div class="elementor-element elementor-element-46c109b9 elementor-widget elementor-widget-text-editor" data-id="46c109b9" data-element_type="widget" data-widget_type="text-editor.default">
				<div class="elementor-widget-container">
			<style>/*! elementor - v3.16.0 - 09-10-2023 */
.elementor-widget-text-editor.elementor-drop-cap-view-stacked .elementor-drop-cap{background-color:#69727d;color:#fff}.elementor-widget-text-editor.elementor-drop-cap-view-framed .elementor-drop-cap{color:#69727d;border:3px solid;background-color:transparent}.elementor-widget-text-editor:not(.elementor-drop-cap-view-default) .elementor-drop-cap{margin-top:8px}.elementor-widget-text-editor:not(.elementor-drop-cap-view-default) .elementor-drop-cap-letter{width:1em;height:1em}.elementor-widget-text-editor .elementor-drop-cap{float:left;text-align:center;line-height:1;font-size:50px}.elementor-widget-text-editor .elementor-drop-cap-letter{display:inline-block}</style>				<!-- wp:paragraph -->
<p>Em 2019, foi realizado um processo de revisão para promover uma reforma do LACIGF como o espaço de diálogo fundamental da região orientado a discutir os princípios relativos às políticas públicas da Internet. Alguns desses avanços foram apresentados no LACIGF em La Paz, bem como no <em>LAC Space</em> do IGF em Berlim.</p>
<!-- /wp:paragraph --><!-- wp:paragraph -->
<p>Os principais materiais de referência relacionados a esse processo são encontrados aqui:</p>
<!-- /wp:paragraph --><!-- wp:list -->
<ul>
<li><a href="https://eventos.lacigf.org/pt-br/revision-del-lacigf/">Revisão do Fórum de Governança da Internet da América Latina e o Caribe</a>,</li>
<li><a href="httpss://www.youtube.com/watch?v=NEixgkGamV8&amp;feature=youtu.be">Debate no LACIGF 11 em La Paz</a> (a partir do min. 47)</li>
<li>Proposta apresentada pelos membros do <a href="httpss://drive.google.com/file/d/1TRFmWMSj2ggtpAGmkY_FF1wNil2BVCFx/view?usp=sharing">Comitê de Programa no IGF em Berlim</a></li>
</ul>
<!-- /wp:list --><!-- wp:paragraph -->
<p>Nesse contexto, o Comitê de Programa do LACIGF encomendou a realização de uma consulta pública com a comunidade para conhecer melhor suas percepções sobre a proposta de reforma.</p>
<!-- /wp:paragraph --><!-- wp:paragraph -->
<p>Para isso, foram realizadas uma nova pesquisa e uma chamada aberta na qual foi discutida uma série de propostas a serem implementadas no LACIGF, com o objetivo de aumentar o impacto deste Fórum.</p>
<!-- /wp:paragraph --><!-- wp:heading {"level":3} -->
<h3>Chamada aberta Implementação de Melhorias de LACIGF</h3>
<!-- /wp:heading --><!-- wp:paragraph -->
<p><em>24 de junho de 2020</em></p>
<!-- /wp:paragraph --><!-- wp:paragraph -->
<p><iframe loading="lazy" src="httpss://www.youtube-nocookie.com/embed/DOzeZuy5ToA" width="680" height="360" frameborder="0" allowfullscreen="allowfullscreen"></iframe></p>
<!-- /wp:paragraph --><!-- wp:paragraph -->
<p>Com base no feedback recebido nessas chamadas, as novas propostas serão apresentadas ao Comitê de Programa para que considere sua adoção imediata como última etapa do processo.</p>
<p> </p>
<p> </p>
<!-- /wp:paragraph -->						</div>
				</div>
					</div>
		</div>
							</div>
		</section>
							</div>

<p>Consulte a comunidade para revisão do LACIGF Consulte a comunidade para revisão do LACIGF Em 2019, foi realizado um processo de revisão para promover uma reforma do LACIGF como o espaço de diálogo fundamental da região orientado a discutir os princípios relativos às políticas públicas da Internet. Alguns desses avanços foram apresentados no LACIGF em [&hellip;]</p>
